, 0 = -2*x + 4. Let z be (d/10)/((-2)/(-4)). Let j(y) = -3*y. Let f be j(z). Give v(f).
-6
Let y be (1/2)/(92/(-24) + 4). Let g(q) = -y - 4 + q - 1. Give g(6).
-2
Let r(z) = -5*z**2 - 40*z - 56. Let q(s) = -s**2 - 8*s - 11. Let l(v) = -11*q(v) + 2*r(v). Suppose 4*u - 3 = 3*u. Suppose u*j = j - 14. Calculate l(j).
2
Let a(i) = i**2 + 3*i - 8. Let n(k) = 6*k - 102. Let c be n(16). Determine a(c).
10
Let o(q) = q - 1. Let u = 50 + -65. Let b = u - -8. Determine o(b).
-8
Let z be 8/36 + 11/(-9) + 4. Let f be (0/2)/(-5 + z). Let r(n) = -n + 2. Give r(f).
2
Let o = -701 - -708. Let h(v) = -v**3 + 6*v**2 + 9*v + 9. Determine h(o).
23
Let x(g) be the first derivative of -2*g - 2 + 0*g**2 - g**3 - 1/4*g**4. Let i be 1 - 20/4*8/10. Determine x(i).
-2
Let w(c) = -2*c + 1. Let q be 30/(-12)*(-16)/(-10). Let b be q/(-18) - (-316)/36. Let t = b + -10. Determine w(t).
3
Let z be 4/1 + 114/(-19). Let r(n) be the third derivative of -3*n**2 - 1/3*n**3 + 0*n - 1/12*n**4 - 1/20*n**5 - 1/40*n**6 + 0. What is r(z)?
14
Let s(g) = g**3 + 4*g**2 + 3*g - 4. Suppose 3*h + 2*p = -53 + 148, 4*p = 4*h - 100. Let c be h/6 + 15/90. Suppose c*u + m = 4*m, 4*m = -20. What is s(u)?
-4
Let n = -114 - -119. Let c(r) be the first derivative of -r**4/4 + 2*r**3 - 3*r**2 + 7*r - 2. Determine c(n).
2
Suppose -24*d + 19*d = -40. Let y(a) = a + 7. Determine y(d).
15
Let q(c) = -c**3 + 5*c**2 + 6*c - 9. Let t = -458 - -464. What is q(t)?
-9
Let n(p) be the first derivative of p**5/120 + 3*p**4/8 + p**3 + 1. Let v(b) be the third derivative of n(b). Determine v(-6).
3
Let j(s) = s**2 - 10*s + 7. Let l be (39*5/15)/(-1). Let g = l - -20. Give j(g).
-14
Let z(r) = 9*r + 2. Let u(x) = 11*x + 2. Let q(w) = 4*u(w) - 5*z(w). Give q(-7).
5
Let z(k) = 6*k**2 - 6*k + 3. Let r(l) = 5*l**2 - 6*l + 3. Let f(c) = -c**2 - 18*c - 36. Let q be f(-16). Let o(i) = q*z(i) + 5*r(i). Let j = 1 - -1. Give o(j).
-5
Let q(h) = -3 - 18*h**2 + 22*h**2 - 2*h**2 + 1. Suppose -y = 4*a - 5, 30 = 5*a - 3*y + 11. What is q(a)?
6
Let n(a) = a**2 + a - 6. Let v(m) = 2*m**2 + 2*m - 11. Let h = 64 + -70. Let k(g) = h*v(g) + 11*n(g). Let s(x) = x**2 - x + 1. Let c be s(1). What is k(c)?
-2
Let q(c) = -c**2 + 4*c + 8. Let f(r) = -1. Let a(y) = -3*f(y) - q(y). Give a(6).
7
Let a(n) be the first derivative of -n**4/2 - n**3 - n**2 - n + 1. Let c(v) = -v**3 + 12*v**2 + 12*v + 15. Let d be c(13). Suppose d*g + 15 = 11. What is a(g)?
7
Let q(j) be the third derivative of 7*j**4/12 - 4*j**2. Let t be 3*(1 + (4/(-4) - 2)). Let d(p) = -5*p. Let k(n) = t*q(n) - 17*d(n). Determine k(5).
5
Let z(w) be the second derivative of -35*w + 1/20*w**5 - 7/12*w**4 + 5*w**2 + 0 - 1/3*w**3. Determine z(7).
-4
Let x(c) = -4*c - 2. Let n be x(-2). Let w(j) be the third derivative of j**5/120 - 7*j**3/6 + 26*j**2. Let p(f) be the first derivative of w(f). Give p(n).
6
Let i(a) = -5*a**2 - 252*a**3 + 253*a**3 - 7*a - 4 + 7. Suppose -z = z - 6. Suppose -z*f = 3*q - 21, -f = f + 4*q - 16. What is i(f)?
-3
Suppose -2*q + 4 = -0*q - 5*m, 3*q = -3*m + 48. Suppose 5 = 7*n + q. Let c(f) = -9*f + 3. Let w(t) = t - 1. Let o(g) = -c(g) - 2*w(g). What is o(n)?
-8
Let v(l) be the first derivative of -l**2/2 - l - 2. Let c(i) = -449*i - 1796. Let x be c(-4). Calculate v(x).
-1
Let j(t) = -1. Let c(x) = 7*x**3 + 3*x**2 + 4*x - 2. Let k(v) = -8*v**3 - 4*v**2 - 5*v + 1. Let w(i) = 7*c(i) + 6*k(i). Let m(y) = 6*j(y) - w(y). Give m(4).
-6
Let s(b) = -b**2 + 4*b + 7. Let f be s(7). Let k(v) = v**2 + 13*v - 11. What is k(f)?
3
Let v(i) = 2*i**3 - 3*i**2 + 2*i - 3. Let q(a) = -1 - 63*a**2 - 7*a + 28*a**2 + 33*a**2. Let w be q(-3). Calculate v(w).
5
Let p(n) = -6*n**3 + 5*n**2 + 6*n - 6. Let v(a) = -5*a**3 + 6*a**2 + 5*a - 7. Let i(u) = 4*p(u) - 5*v(u). Determine i(10).
1
Suppose -2*i - 58 = -5*n, -2*i - 32 = -3*n + 2*i. Suppose n = -7*j + 3*j. Let p(w) = -9*w - 4. Calculate p(j).
23
Let u(v) = 1346*v - 1 - 2704*v + 1343*v. Calculate u(3).
-46
Let b be 3/2*140/(-42). Let w(p) = p**2 + 5*p + 7. Give w(b).
7
Let j = 2 - -10. Suppose 16*l = j*l + 24. Let m(g) = 7 - 2 - l*g**2 + 0*g**2 + 3*g**2 + g**3 - 4*g. Determine m(4).
5
Let w be 2 + 20/(-9) + 2/9. Let s(m) = m**2 + 36. Calculate s(w).
36
Let o(w) = -w**2 - 2*w**2 + w**2 + 2*w - 50 + 24 + 27. Determine o(2).
-3
Let h be (14/21)/(2/36). Let l be 2/6*(h - 12). Let i be (1 - l)/(3/21). Let m(s) = s**3 - 7*s**2 - s - 2. What is m(i)?
-9
Let d(i) = -3*i - 1. Suppose 8*k = 78*k + 350. Calculate d(k).
14
Let g be 14/(-7) - 1*-4. Suppose -4*t - 4 = -2*o, o + 0*o = t + 2. Let j(r) = g*r + 10*r**2 + 0 - 1 - 18*r**o. Determine j(1).
-7
Let k = -125 + 128. Let l(h) = h**3 - 3*h**2 + 5*h - 5. Give l(k).
10
Let w be -1*(-12)/(-9)*-3. Suppose -4*x = w*f - 4, -2*f + f = 2*x + 3. Let m(k) = k + 3 + 3*k - f*k + 0. What is m(-5)?
8
Let o be (-4)/(-6)*(8 + -2). Suppose 20 = -4*k - 4*d, k - o*k - 5 = d. Suppose 14 = -a + 2*n, 3*a + 2*a + 5*n + 10 = k. Let b(w) = -2*w - 9. Give b(a).
3
Let b(l) = 44*l - 220. Let s be b(5). Let a(j) = -j**3 - j**2 - j + 4. Determine a(s).
4
Let a(r) = r**3 - 7*r**2 - 8*r + 6. Suppose -13*m + 15*m = 4. Suppose 15*t = m*t + 104. Give a(t).
6
Let u(z) = z**2 + 2. Let k = -13 - -13. Calculate u(k).
2
Let w(m) = 0*m**2 + 6*m**2 + 6 - 9*m**2 + 2*m**2. What is w(4)?
-10
Let l(k) = -k**3 - k**2 - 17. Let b be (-25)/(-50)*0/3. Determine l(b).
-17
Let y(r) = 7*r**3 + 14*r**2 - 2*r - 4. Let a(o) = -15*o**3 - 29*o**2 + 6*o + 8. Let f(x) = -6*a(x) - 13*y(x). Give f(-6).
-8
Let a(x) be the third derivative of x**5/30 - 5*x**4/24 - x**3/6 + 136*x**2 - 1. What is a(6)?
41
Let o(r) = r**3 + 11*r**2 + 1. Let n = 2035 - 2046. Calculate o(n).
1
Let q(d) = d. Let z(r) = r**2 + 5*r + 4. Let n(s) = 2*q(s) - z(s). Suppose 16 = a - 5*a. Give n(a).
-8
Let h(x) = -x**3 - 2*x**2 + 2*x + 4. Let z(r) = 1. Let w(c) = -h(c) + 2*z(c). Give w(2).
10
Let a(f) be the third derivative of f**4/6 + 8*f**3/3 - 17*f**2 + 3. What is a(-4)?
0
Let a(d) = -3*d. Let f be a(-8). Let m be f/6*(0 + 4). Suppose -m = -4*v + 5*k, 5*v - 2*v - 12 = 2*k. Let n(c) = -c**2 + 4. What is n(v)?
-12
Suppose c + 4*n = -0*c - 7, -15 = -3*c - 3*n. Suppose c*z + 12 = 13*z. Let q(g) = -g + 2. What is q(z)?
-1
Let i(s) = -s**2 + 6*s + 2. Let t(p) = -2*p**2 + 12*p + 5. Let o(k) = -5*i(k) + 2*t(k). What is o(5)?
-5
Let o(c) = -6 + 57*c - 72*c + 9*c. Give o(-5).
24
Let z(k) = k**3 - 5*k**2 + k - 2. Let l be z(5). Let j(t) = -5*t**3 - 6*t + 1. Let h(g) = -4*g**3 + g**2 - 5*g + 1. Let n(r) = -4*h(r) + 3*j(r). What is n(l)?
-4
Let k(f) = -f**3 - f + 4. Let r(y) = 1. Let j(b) = -k(b) + 2*r(b). Suppose -5*n + 3*x + 3 = -3, n + 8 = -4*x. Give j(n).
-2
Let i(u) = 3*u**3 - u**2 + u + 1. Let o = -16 + 4. Let l(x) = x + 11. Let h be l(o). Determine i(h).
-4
Let j(x) = -x**3 - x**2 - x + 2. Let o(m) = 4*m**3 + 3*m**2 + 3*m + 9. Let y(l) = -3*j(l) - o(l). Let f(r) = -2*r - 22. Let u be f(-11). Determine y(u).
-15
Suppose -2*x = 4*u - 20, -x = -4*u + 2*x + 20. Let b(c) = u*c + c**2 - 5*c + 12*c**3 - 20*c**3. Calculate b(1).
-7
Let t = 9 + -1. Suppose -40 = 3*r - t*r. Suppose 0 = 4*h + r + 12. Let i(p) = p - 3. Determine i(h).
-8
Let j(z) = z**3 + 14*z**2. Let h be (-4)/(-5)*70/(-4). Give j(h).
0
Let n(h) = -h**2 - 7*h - 8. Let b be n(-6). Let w be (0 + 1)/(b/(-4)). Suppose 14 = 6*v + w. Let z(l) = l. Determine z(v).
2
Let y(l) = l**2 - 6*l + 8. Let c(f) be the second derivative of -f**4/12 + 5*f**3/3 - 2*f**2 + f. Let u be c(9). Suppose 12 = -3*p + u*p. Give y(p).
8
Suppose 3 + 0 = 3*w. Let b(t) = 9*t. Determine b(w).
9
Let x(h) = -43*h - 95. Let n(w) = -8*w - 19. Let a(p) = -11*n(p) + 2*x(p). What is a(-14)?
-9
Let a(j) = 3*j**2 + 5*j - 2. Let v(n) = -n**2 - n - 1. Suppose 3*q - 2*p = -0*p - 9, 2*q + 14 = 4*p. Let y(l) = q*a(l) - 2*v(l). Give y(-4).
0
Let r(k) = -9*k + 4. Let w(x) = 2*x + 3. Let m(j) = r(j) + 4*w(j). What is m(18)?
-2
Let s be (-8 + 0 - -4) + 6. Let w(f) = 9*f**2 + 5*f - 1. Let c(k) = -k**2 - k. Let r(d) = 5*c(d) + w(d). Calculate r(s).
15
Let t be ((-10)/18)/(-5) - (-2)/(-18). Let p(z) = -3 - 2 + 2 - z + 0. Determine p(t).
-3
Let j(u) = u**3 - 11*u**2 + 16*u - 34. Let v be j(10). Suppose 7*m + 30 + v = 0. Let s(y) = y**3 + 9*y**2 + 10*y + 11. Calculate s(m).
-5
Let v(u) = -9*u + 1. Suppose -5 = -5*y, 2*b - 2*y - 12 = -6*y. Let r be -4*(1 - 5/b). Let n be -4 + (-9)/(-